{"version":"1.0","provider_name":"Noi di Qua Testata giornalistica e di attualit\u00e0 di Agliana, Montale e Quarrata.","provider_url":"https:\/\/www.noidiqua.it\/Agliana","title":"Asma e sport sono incompatibili? - Noi di Qua Testata giornalistica e di attualit\u00e0 di Agliana, Montale e Quarrata.","type":"rich","width":600,"height":338,"html":"<blockquote class=\"wp-embedded-content\" data-secret=\"OuArf7Z5Oj\"><a href=\"https:\/\/www.noidiqua.it\/Agliana\/asma-e-sport-sono-incompatibili\/\">Asma e sport sono incompatibili?<\/a><\/blockquote><iframe sandbox=\"allow-scripts\" security=\"restricted\" src=\"https:\/\/www.noidiqua.it\/Agliana\/asma-e-sport-sono-incompatibili\/embed\/#?secret=OuArf7Z5Oj\" width=\"600\" height=\"338\" title=\"&#8220;Asma e sport sono incompatibili?&#8221; &#8212; Noi di Qua Testata giornalistica e di attualit\u00e0 di Agliana, Montale e Quarrata.\" data-secret=\"OuArf7Z5Oj\" frameborder=\"0\" marginwidth=\"0\" marginheight=\"0\" scrolling=\"no\" class=\"wp-embedded-content\"><\/iframe><script type=\"text\/javascript\">\n\/* <![CDATA[ *\/\n\/*! This file is auto-generated *\/\n!function(d,l){\"use strict\";l.querySelector&&d.addEventListener&&\"undefined\"!=typeof URL&&(d.wp=d.wp||{},d.wp.receiveEmbedMessage||(d.wp.receiveEmbedMessage=function(e){var t=e.data;if((t||t.secret||t.message||t.value)&&!\/[^a-zA-Z0-9]\/.test(t.secret)){for(var s,r,n,a=l.querySelectorAll('iframe[data-secret=\"'+t.secret+'\"]'),o=l.querySelectorAll('blockquote[data-secret=\"'+t.secret+'\"]'),c=new RegExp(\"^https?:$\",\"i\"),i=0;i<o.length;i++)o[i].style.display=\"none\";for(i=0;i<a.length;i++)s=a[i],e.source===s.contentWindow&&(s.removeAttribute(\"style\"),\"height\"===t.message?(1e3<(r=parseInt(t.value,10))?r=1e3:~~r<200&&(r=200),s.height=r):\"link\"===t.message&&(r=new URL(s.getAttribute(\"src\")),n=new URL(t.value),c.test(n.protocol))&&n.host===r.host&&l.activeElement===s&&(d.top.location.href=t.value))}},d.addEventListener(\"message\",d.wp.receiveEmbedMessage,!1),l.addEventListener(\"DOMContentLoaded\",function(){for(var e,t,s=l.querySelectorAll(\"iframe.wp-embedded-content\"),r=0;r<s.length;r++)(t=(e=s[r]).getAttribute(\"data-secret\"))||(t=Math.random().toString(36).substring(2,12),e.src+=\"#?secret=\"+t,e.setAttribute(\"data-secret\",t)),e.contentWindow.postMessage({message:\"ready\",secret:t},\"*\")},!1)))}(window,document);\n\/* ]]> *\/\n<\/script>\n","description":"di Paola Maria Mandelli giugno 2025 L\u2019idea che chi soffre di asma debba rinunciare all\u2019attivit\u00e0 sportiva \u00e8 molto diffusa, ma non corrisponde alla realt\u00e0.\u00a0Con le giuste precauzioni, l\u2019esercizio fisico non solo \u00e8 possibile, ma pu\u00f2 addirittura aiutare a migliorare il controllo di questa patologia.\u00a0L\u2019importante \u00e8 scegliere l\u2019attivit\u00e0 [&hellip;]","thumbnail_url":"https:\/\/www.noidiqua.it\/Agliana\/wp-content\/uploads\/2025\/07\/una-mela-al-giorno.png","thumbnail_width":505,"thumbnail_height":346}

Noi di Qua Testata giornalistica e di attualità di Agliana, Montale e Quarrata.

Asma e sport sono incompatibili? - Noi di Qua Testata giornalistica e di attualità di Agliana, Montale e Quarrata.

<blockquote class="wp-embedded-content" data-secret="OuArf7Z5Oj"><a href="https://www.noidiqua.it/Agliana/asma-e-sport-sono-incompatibili/">Asma e sport sono incompatibili?</a></blockquote><iframe sandbox="allow-scripts" security="restricted" src="https://www.noidiqua.it/Agliana/asma-e-sport-sono-incompatibili/embed/#?secret=OuArf7Z5Oj" width="600" height="338" title="&#8220;Asma e sport sono incompatibili?&#8221; &#8212; Noi di Qua Testata giornalistica e di attualità di Agliana, Montale e Quarrata." data-secret="OuArf7Z5Oj" frameborder="0" marginwidth="0" marginheight="0" scrolling="no" class="wp-embedded-content"></iframe><script type="text/javascript">
/* <![CDATA[ */
/*! This file is auto-generated */
!function(d,l){"use strict";l.querySelector&&d.addEventListener&&"undefined"!=typeof URL&&(d.wp=d.wp||{},d.wp.receiveEmbedMessage||(d.wp.receiveEmbedMessage=function(e){var t=e.data;if((t||t.secret||t.message||t.value)&&!/[^a-zA-Z0-9]/.test(t.secret)){for(var s,r,n,a=l.querySelectorAll('iframe[data-secret="'+t.secret+'"]'),o=l.querySelectorAll('blockquote[data-secret="'+t.secret+'"]'),c=new RegExp("^https?:$","i"),i=0;i<o.length;i++)o[i].style.display="none";for(i=0;i<a.length;i++)s=a[i],e.source===s.contentWindow&&(s.removeAttribute("style"),"height"===t.message?(1e3<(r=parseInt(t.value,10))?r=1e3:~~r<200&&(r=200),s.height=r):"link"===t.message&&(r=new URL(s.getAttribute("src")),n=new URL(t.value),c.test(n.protocol))&&n.host===r.host&&l.activeElement===s&&(d.top.location.href=t.value))}},d.addEventListener("message",d.wp.receiveEmbedMessage,!1),l.addEventListener("DOMContentLoaded",function(){for(var e,t,s=l.querySelectorAll("iframe.wp-embedded-content"),r=0;r<s.length;r++)(t=(e=s[r]).getAttribute("data-secret"))||(t=Math.random().toString(36).substring(2,12),e.src+="#?secret="+t,e.setAttribute("data-secret",t)),e.contentWindow.postMessage({message:"ready",secret:t},"*")},!1)))}(window,document);
/* ]]> */
</script>

di Paola Maria Mandelli giugno 2025 L’idea che chi soffre di asma debba rinunciare all’attività sportiva è molto diffusa, ma non corrisponde alla realtà. Con le giuste precauzioni, l’esercizio fisico non solo è possibile, ma può addirittura aiutare a migliorare il controllo di questa patologia. L’importante è scegliere l’attività [&hellip;]
