{"version":"1.0","provider_name":"Noi di Qua Testata giornalistica e di attualit\u00e0 di Agliana, Montale e Quarrata.","provider_url":"https:\/\/www.noidiqua.it\/Agliana","title":"Daniele Poli - musicista e insegnante - Noi di Qua Testata giornalistica e di attualit\u00e0 di Agliana, Montale e Quarrata.","type":"rich","width":600,"height":338,"html":"<blockquote class=\"wp-embedded-content\" data-secret=\"rPchOxkyVv\"><a href=\"https:\/\/www.noidiqua.it\/Agliana\/daniele-poli-musicista-e-insegnante\/\">Daniele Poli &#8211; musicista e insegnante<\/a><\/blockquote><iframe sandbox=\"allow-scripts\" security=\"restricted\" src=\"https:\/\/www.noidiqua.it\/Agliana\/daniele-poli-musicista-e-insegnante\/embed\/#?secret=rPchOxkyVv\" width=\"600\" height=\"338\" title=\"&#8220;Daniele Poli &#8211; musicista e insegnante&#8221; &#8212; Noi di Qua Testata giornalistica e di attualit\u00e0 di Agliana, Montale e Quarrata.\" data-secret=\"rPchOxkyVv\" frameborder=\"0\" marginwidth=\"0\" marginheight=\"0\" scrolling=\"no\" class=\"wp-embedded-content\"><\/iframe><script type=\"text\/javascript\">\n\/* <![CDATA[ *\/\n\/*! This file is auto-generated *\/\n!function(d,l){\"use strict\";l.querySelector&&d.addEventListener&&\"undefined\"!=typeof URL&&(d.wp=d.wp||{},d.wp.receiveEmbedMessage||(d.wp.receiveEmbedMessage=function(e){var t=e.data;if((t||t.secret||t.message||t.value)&&!\/[^a-zA-Z0-9]\/.test(t.secret)){for(var s,r,n,a=l.querySelectorAll('iframe[data-secret=\"'+t.secret+'\"]'),o=l.querySelectorAll('blockquote[data-secret=\"'+t.secret+'\"]'),c=new RegExp(\"^https?:$\",\"i\"),i=0;i<o.length;i++)o[i].style.display=\"none\";for(i=0;i<a.length;i++)s=a[i],e.source===s.contentWindow&&(s.removeAttribute(\"style\"),\"height\"===t.message?(1e3<(r=parseInt(t.value,10))?r=1e3:~~r<200&&(r=200),s.height=r):\"link\"===t.message&&(r=new URL(s.getAttribute(\"src\")),n=new URL(t.value),c.test(n.protocol))&&n.host===r.host&&l.activeElement===s&&(d.top.location.href=t.value))}},d.addEventListener(\"message\",d.wp.receiveEmbedMessage,!1),l.addEventListener(\"DOMContentLoaded\",function(){for(var e,t,s=l.querySelectorAll(\"iframe.wp-embedded-content\"),r=0;r<s.length;r++)(t=(e=s[r]).getAttribute(\"data-secret\"))||(t=Math.random().toString(36).substring(2,12),e.src+=\"#?secret=\"+t,e.setAttribute(\"data-secret\",t)),e.contentWindow.postMessage({message:\"ready\",secret:t},\"*\")},!1)))}(window,document);\n\/* ]]> *\/\n<\/script>\n","description":"di Marco Bagnoli. Foto: Adriano Tesi marzo 2014 Daniele Poli \u00e8 un aglianese d\u2019adozione, uno che nel nostro paese non ci \u00e8 nato, ma che per quelli che lo conoscono \u00e8 diventato pressoch\u00e9 insostituibile. Daniele, nato a Prato nel 1965, entra nella nostra storia locale nel 1987, [&hellip;]","thumbnail_url":"https:\/\/www.noidiqua.it\/Agliana\/wp-content\/uploads\/2014\/03\/poli-2.png"}

Noi di Qua Testata giornalistica e di attualità di Agliana, Montale e Quarrata.

Daniele Poli - musicista e insegnante - Noi di Qua Testata giornalistica e di attualità di Agliana, Montale e Quarrata.

<blockquote class="wp-embedded-content" data-secret="rPchOxkyVv"><a href="https://www.noidiqua.it/Agliana/daniele-poli-musicista-e-insegnante/">Daniele Poli &#8211; musicista e insegnante</a></blockquote><iframe sandbox="allow-scripts" security="restricted" src="https://www.noidiqua.it/Agliana/daniele-poli-musicista-e-insegnante/embed/#?secret=rPchOxkyVv" width="600" height="338" title="&#8220;Daniele Poli &#8211; musicista e insegnante&#8221; &#8212; Noi di Qua Testata giornalistica e di attualità di Agliana, Montale e Quarrata." data-secret="rPchOxkyVv" frameborder="0" marginwidth="0" marginheight="0" scrolling="no" class="wp-embedded-content"></iframe><script type="text/javascript">
/* <![CDATA[ */
/*! This file is auto-generated */
!function(d,l){"use strict";l.querySelector&&d.addEventListener&&"undefined"!=typeof URL&&(d.wp=d.wp||{},d.wp.receiveEmbedMessage||(d.wp.receiveEmbedMessage=function(e){var t=e.data;if((t||t.secret||t.message||t.value)&&!/[^a-zA-Z0-9]/.test(t.secret)){for(var s,r,n,a=l.querySelectorAll('iframe[data-secret="'+t.secret+'"]'),o=l.querySelectorAll('blockquote[data-secret="'+t.secret+'"]'),c=new RegExp("^https?:$","i"),i=0;i<o.length;i++)o[i].style.display="none";for(i=0;i<a.length;i++)s=a[i],e.source===s.contentWindow&&(s.removeAttribute("style"),"height"===t.message?(1e3<(r=parseInt(t.value,10))?r=1e3:~~r<200&&(r=200),s.height=r):"link"===t.message&&(r=new URL(s.getAttribute("src")),n=new URL(t.value),c.test(n.protocol))&&n.host===r.host&&l.activeElement===s&&(d.top.location.href=t.value))}},d.addEventListener("message",d.wp.receiveEmbedMessage,!1),l.addEventListener("DOMContentLoaded",function(){for(var e,t,s=l.querySelectorAll("iframe.wp-embedded-content"),r=0;r<s.length;r++)(t=(e=s[r]).getAttribute("data-secret"))||(t=Math.random().toString(36).substring(2,12),e.src+="#?secret="+t,e.setAttribute("data-secret",t)),e.contentWindow.postMessage({message:"ready",secret:t},"*")},!1)))}(window,document);
/* ]]> */
</script>

di Marco Bagnoli. Foto: Adriano Tesi marzo 2014 Daniele Poli è un aglianese d’adozione, uno che nel nostro paese non ci è nato, ma che per quelli che lo conoscono è diventato pressoché insostituibile. Daniele, nato a Prato nel 1965, entra nella nostra storia locale nel 1987, [&hellip;]
