{"id":422,"date":"2011-07-12T17:46:20","date_gmt":"2011-07-12T17:46:20","guid":{"rendered":"http:\/\/192.168.1.2\/Utility-Liberty\/CMS\/noidiqua\/?page_id=422"},"modified":"2017-04-05T10:39:41","modified_gmt":"2017-04-05T08:39:41","slug":"arte-artigianato","status":"publish","type":"page","link":"https:\/\/www.noidiqua.it\/Agliana\/agliana-2\/arte-artigianato\/","title":{"rendered":"Arte e Artigianato"},"content":{"rendered":"<div class=\"widget widget_latest_posts\"><h3 class=\"widgettitle\">Arte e Artigianato<\/h3>\t\t    <div class=\"latest_posts\">\n\t\t\t<ul class=\"small-thumb\">\n\t\t\t\t<li>\n<div class=\"small-custom-frame-wrapper alignleft frame-shadow\"><div class=\"custom-frame-inner-wrapper\"><div class=\"custom-frame-padding\"><a href=\"https:\/\/www.noidiqua.it\/Agliana\/giovanni-carini-un-designer-dentro-la-storia-dellarredamento-e-dellarte\/\" title=\"Giovanni Carini &#8211; un designer dentro la storia dell&#8217;arredamento e dell&#8217;arte\"><img loading=\"lazy\" decoding=\"async\" src=\"https:\/\/www.noidiqua.it\/Agliana\/wp-content\/uploads\/2026\/04\/Carini-1-160x120_c.png\" width=\"160\" height=\"120\" alt=\"Giovanni Carini - un designer dentro la storia dell&#039;arredamento e dell&#039;arte\" \/><\/a><\/div><\/div><\/div>\t\t\t\t    <a class=\"teaser-title\" title=\"Giovanni Carini &#8211; un designer dentro la storia dell&#8217;arredamento e dell&#8217;arte\" href=\"https:\/\/www.noidiqua.it\/Agliana\/giovanni-carini-un-designer-dentro-la-storia-dellarredamento-e-dellarte\/\">Giovanni Carini &#8211; un designer dentro la storia dell&#8217;arredamento e dell&#8217;arte<\/a>\n\t\t\t\t    <div class=\"teaser-content\">di Piera Salvi marzo 2026 L\u2019incontro con Giovanni Carini, classe 1944, \u00e8 un\u2019immersione nella storia del design e nell\u2019arte. In sessant\u2019anni di attivit\u00e0 ha collaborato con i pi\u00f9 famosi nomi del settore, impossibile riportarli tutti. Cominci\u00f2 a lavorare a 14 anni, alla Poltronova, per 50 lire l\u2019ora. [&hellip;]...<\/div>\n                                            <a title=\"Giovanni Carini &#8211; un designer dentro la storia dell&#8217;arredamento e dell&#8217;arte\" href=\"https:\/\/www.noidiqua.it\/Agliana\/giovanni-carini-un-designer-dentro-la-storia-dellarredamento-e-dellarte\/\" class=\"read-more-align-right\"><span>Leggi tutto<\/span> &rarr;<\/a>\n\t\t\t\t    <div class=\"clear\"><\/div>\n\t\t\t\t<\/li>\n\t\t\t\t<li>\n<div class=\"small-custom-frame-wrapper alignleft frame-shadow\"><div class=\"custom-frame-inner-wrapper\"><div class=\"custom-frame-padding\"><a href=\"https:\/\/www.noidiqua.it\/Agliana\/elisa-de-michele-pittrice-e-illustratrice\/\" title=\"Elisa De Michele &#8211; pittrice e illustratrice\"><img loading=\"lazy\" decoding=\"async\" src=\"https:\/\/www.noidiqua.it\/Agliana\/wp-content\/uploads\/2026\/04\/Elisa-De-Michele-1-160x120_c.png\" width=\"160\" height=\"120\" alt=\"Elisa De Michele - pittrice e illustratrice\" \/><\/a><\/div><\/div><\/div>\t\t\t\t    <a class=\"teaser-title\" title=\"Elisa De Michele &#8211; pittrice e illustratrice\" href=\"https:\/\/www.noidiqua.it\/Agliana\/elisa-de-michele-pittrice-e-illustratrice\/\">Elisa De Michele &#8211; pittrice e illustratrice<\/a>\n\t\t\t\t    <div class=\"teaser-content\">di Marco Bagnoli marzo 2026 Elisa De Michele oggi ha 43 anni, e da bambina le piaceva disegnare sui muri bianchi di casa. Ha studiato all\u2019Istituto d\u2019Arte Petrocchi di Pistoia, poi dopo il diploma e la laurea in Interior design a Firenze, inizia a lavorare presso la [&hellip;]...<\/div>\n                                            <a title=\"Elisa De Michele &#8211; pittrice e illustratrice\" href=\"https:\/\/www.noidiqua.it\/Agliana\/elisa-de-michele-pittrice-e-illustratrice\/\" class=\"read-more-align-right\"><span>Leggi tutto<\/span> &rarr;<\/a>\n\t\t\t\t    <div class=\"clear\"><\/div>\n\t\t\t\t<\/li>\n\t\t\t\t<li>\n<div class=\"small-custom-frame-wrapper alignleft frame-shadow\"><div class=\"custom-frame-inner-wrapper\"><div class=\"custom-frame-padding\"><a href=\"https:\/\/www.noidiqua.it\/Agliana\/fabrizio-ferrari-pittura-e-poesia-visiva\/\" title=\"Fabrizio Ferrari &#8211; pittura e poesia visiva\"><img loading=\"lazy\" decoding=\"async\" src=\"https:\/\/www.noidiqua.it\/Agliana\/wp-content\/uploads\/2026\/04\/Ferrari-1-160x120_c.png\" width=\"160\" height=\"120\" alt=\"Fabrizio Ferrari - pittura e poesia visiva\" \/><\/a><\/div><\/div><\/div>\t\t\t\t    <a class=\"teaser-title\" title=\"Fabrizio Ferrari &#8211; pittura e poesia visiva\" href=\"https:\/\/www.noidiqua.it\/Agliana\/fabrizio-ferrari-pittura-e-poesia-visiva\/\">Fabrizio Ferrari &#8211; pittura e poesia visiva<\/a>\n\t\t\t\t    <div class=\"teaser-content\">di Piera Salvi marzo 2026 Una continua ricerca per creare un unico linguaggio tra due espressioni d\u2019arte: immagine e parola. E&#8217; il percorso dell\u2019artista Fabrizio Ferrari, nato a Pescia, che vive ad Agliana dal 1978. Esordio artistico con la pittura e la poesia tradizionale, poi la \u00abdeviazione\u00bb [&hellip;]...<\/div>\n                                            <a title=\"Fabrizio Ferrari &#8211; pittura e poesia visiva\" href=\"https:\/\/www.noidiqua.it\/Agliana\/fabrizio-ferrari-pittura-e-poesia-visiva\/\" class=\"read-more-align-right\"><span>Leggi tutto<\/span> &rarr;<\/a>\n\t\t\t\t    <div class=\"clear\"><\/div>\n\t\t\t\t<\/li>\n\t\t\t\t<li>\n<div class=\"small-custom-frame-wrapper alignleft frame-shadow\"><div class=\"custom-frame-inner-wrapper\"><div class=\"custom-frame-padding\"><a href=\"https:\/\/www.noidiqua.it\/Agliana\/daniele-baccaro-la-conquista-della-poesia\/\" title=\"Daniele Baccaro &#8211; la conquista della poesia\"><img loading=\"lazy\" decoding=\"async\" src=\"https:\/\/www.noidiqua.it\/Agliana\/wp-content\/uploads\/2025\/12\/Baccaro-1-160x120_c.png\" width=\"160\" height=\"120\" alt=\"Daniele Baccaro - la conquista della poesia\" \/><\/a><\/div><\/div><\/div>\t\t\t\t    <a class=\"teaser-title\" title=\"Daniele Baccaro &#8211; la conquista della poesia\" href=\"https:\/\/www.noidiqua.it\/Agliana\/daniele-baccaro-la-conquista-della-poesia\/\">Daniele Baccaro &#8211; la conquista della poesia<\/a>\n\t\t\t\t    <div class=\"teaser-content\">di Serena Michelozzi dicembre 2025 Daniele Baccaro \u00e8 da sempre amante della letteratura, sia essa prosa o poesia. Ha iniziato a scrivere versi intorno ai sedici anni, anche se le liriche vere e proprie hanno preso forma pi\u00f9 tardi intorno ai vent&#8217;anni. \u00abNella poesia ho trovato il [&hellip;]...<\/div>\n                                            <a title=\"Daniele Baccaro &#8211; la conquista della poesia\" href=\"https:\/\/www.noidiqua.it\/Agliana\/daniele-baccaro-la-conquista-della-poesia\/\" class=\"read-more-align-right\"><span>Leggi tutto<\/span> &rarr;<\/a>\n\t\t\t\t    <div class=\"clear\"><\/div>\n\t\t\t\t<\/li>\n\t\t\t\t<li>\n<div class=\"small-custom-frame-wrapper alignleft frame-shadow\"><div class=\"custom-frame-inner-wrapper\"><div class=\"custom-frame-padding\"><a href=\"https:\/\/www.noidiqua.it\/Agliana\/giacomo-tempestini-illustratore-e-disegnatore-di-cartoni-animati\/\" title=\"Giacomo Tempestini &#8211; illustratore e disegnatore di cartoni animati\"><img loading=\"lazy\" decoding=\"async\" src=\"https:\/\/www.noidiqua.it\/Agliana\/wp-content\/uploads\/2025\/10\/Tempestini-3-160x120_c.png\" width=\"160\" height=\"120\" alt=\"Giacomo Tempestini - illustratore e disegnatore di cartoni animati\" \/><\/a><\/div><\/div><\/div>\t\t\t\t    <a class=\"teaser-title\" title=\"Giacomo Tempestini &#8211; illustratore e disegnatore di cartoni animati\" href=\"https:\/\/www.noidiqua.it\/Agliana\/giacomo-tempestini-illustratore-e-disegnatore-di-cartoni-animati\/\">Giacomo Tempestini &#8211; illustratore e disegnatore di cartoni animati<\/a>\n\t\t\t\t    <div class=\"teaser-content\">di Marco Bagnoli. Foto: Giacomo Bracciali settembre 2025 Giacomo Tempestini nella vita disegna i cartoni animati, e dice che il suo \u00e8 il mestiere pi\u00f9 bello del mondo. Che dite, sembra troppo semplice cos\u00ec? Eppure a vederlo sembra davvero molto contento di s\u00e9. Forse perch\u00e9 alle spalle [&hellip;]...<\/div>\n                                            <a title=\"Giacomo Tempestini &#8211; illustratore e disegnatore di cartoni animati\" href=\"https:\/\/www.noidiqua.it\/Agliana\/giacomo-tempestini-illustratore-e-disegnatore-di-cartoni-animati\/\" class=\"read-more-align-right\"><span>Leggi tutto<\/span> &rarr;<\/a>\n\t\t\t\t    <div class=\"clear\"><\/div>\n\t\t\t\t<\/li>\n\t\t\t\t<li>\n<div class=\"small-custom-frame-wrapper alignleft frame-shadow\"><div class=\"custom-frame-inner-wrapper\"><div class=\"custom-frame-padding\"><a href=\"https:\/\/www.noidiqua.it\/Agliana\/gianfranco-loriga-pittore\/\" title=\"Gianfranco Loriga &#8211; pittore\"><img loading=\"lazy\" decoding=\"async\" src=\"https:\/\/www.noidiqua.it\/Agliana\/wp-content\/uploads\/2025\/07\/loriga-1-160x120_c.png\" width=\"160\" height=\"120\" alt=\"Gianfranco Loriga - pittore\" \/><\/a><\/div><\/div><\/div>\t\t\t\t    <a class=\"teaser-title\" title=\"Gianfranco Loriga &#8211; pittore\" href=\"https:\/\/www.noidiqua.it\/Agliana\/gianfranco-loriga-pittore\/\">Gianfranco Loriga &#8211; pittore<\/a>\n\t\t\t\t    <div class=\"teaser-content\">di Marco Bagnoli giugno 2025 Gianfranco Loriga, classe \u201851, ha dipinto per una vita intera, e dipinge ancora adesso che \u00e8 in pensione. Mentre lavorava faceva le nottate col pennello in mano, e oggi si gode tutto il suo tempo libero, e la notte invece dorme. Ma [&hellip;]...<\/div>\n                                            <a title=\"Gianfranco Loriga &#8211; pittore\" href=\"https:\/\/www.noidiqua.it\/Agliana\/gianfranco-loriga-pittore\/\" class=\"read-more-align-right\"><span>Leggi tutto<\/span> &rarr;<\/a>\n\t\t\t\t    <div class=\"clear\"><\/div>\n\t\t\t\t<\/li>\n\t\t\t\t<li>\n<div class=\"small-custom-frame-wrapper alignleft frame-shadow\"><div class=\"custom-frame-inner-wrapper\"><div class=\"custom-frame-padding\"><a href=\"https:\/\/www.noidiqua.it\/Agliana\/giusy-cumbo-pittrice-e-curatrice-di-mostre\/\" title=\"Giusy Cumbo &#8211; pittrice e curatrice di mostre\"><img loading=\"lazy\" decoding=\"async\" src=\"https:\/\/www.noidiqua.it\/Agliana\/wp-content\/uploads\/2025\/04\/Cumbo-1-160x120_c.png\" width=\"160\" height=\"120\" alt=\"Giusy Cumbo - pittrice e curatrice di mostre\" \/><\/a><\/div><\/div><\/div>\t\t\t\t    <a class=\"teaser-title\" title=\"Giusy Cumbo &#8211; pittrice e curatrice di mostre\" href=\"https:\/\/www.noidiqua.it\/Agliana\/giusy-cumbo-pittrice-e-curatrice-di-mostre\/\">Giusy Cumbo &#8211; pittrice e curatrice di mostre<\/a>\n\t\t\t\t    <div class=\"teaser-content\">di Marco Bagnoli marzo 2025 Giusy Cumbo \u00e8 una pittrice aglianese che vive a Pistoia, e che si occupa della sua grande passione da sempre, l\u2019arte. Il suo incontro col mondo dei colori avviene da bambina, e nel suo caso accade qualcosa di particolare: la mamma Angela [&hellip;]...<\/div>\n                                            <a title=\"Giusy Cumbo &#8211; pittrice e curatrice di mostre\" href=\"https:\/\/www.noidiqua.it\/Agliana\/giusy-cumbo-pittrice-e-curatrice-di-mostre\/\" class=\"read-more-align-right\"><span>Leggi tutto<\/span> &rarr;<\/a>\n\t\t\t\t    <div class=\"clear\"><\/div>\n\t\t\t\t<\/li>\n\t\t\t\t<li>\n<div class=\"small-custom-frame-wrapper alignleft frame-shadow\"><div class=\"custom-frame-inner-wrapper\"><div class=\"custom-frame-padding\"><a href=\"https:\/\/www.noidiqua.it\/Agliana\/marco-vanni-fra-ago-filo-e-acquerelli\/\" title=\"Marco Vanni &#8211; fra ago, filo e acquerelli\"><img loading=\"lazy\" decoding=\"async\" src=\"https:\/\/www.noidiqua.it\/Agliana\/wp-content\/uploads\/2024\/12\/Vanni-5-160x120_c.png\" width=\"160\" height=\"120\" alt=\"Marco Vanni - fra ago, filo e acquerelli\" \/><\/a><\/div><\/div><\/div>\t\t\t\t    <a class=\"teaser-title\" title=\"Marco Vanni &#8211; fra ago, filo e acquerelli\" href=\"https:\/\/www.noidiqua.it\/Agliana\/marco-vanni-fra-ago-filo-e-acquerelli\/\">Marco Vanni &#8211; fra ago, filo e acquerelli<\/a>\n\t\t\t\t    <div class=\"teaser-content\">di Marco Bagnoli dicembre 2024 Marco Vanni \u00e8 un giovane aglianese di trentadue anni, porta la barba, ma soprattutto \u00e8 un artista. Che un giorno lo sarebbe diventato non era affatto cos\u00ec chiaro, quand\u2019era ancora un bambino. Nessun altro in famiglia si dilettava con l\u2019arte, e anche [&hellip;]...<\/div>\n                                            <a title=\"Marco Vanni &#8211; fra ago, filo e acquerelli\" href=\"https:\/\/www.noidiqua.it\/Agliana\/marco-vanni-fra-ago-filo-e-acquerelli\/\" class=\"read-more-align-right\"><span>Leggi tutto<\/span> &rarr;<\/a>\n\t\t\t\t    <div class=\"clear\"><\/div>\n\t\t\t\t<\/li>\n\t\t\t\t<li>\n<div class=\"small-custom-frame-wrapper alignleft frame-shadow\"><div class=\"custom-frame-inner-wrapper\"><div class=\"custom-frame-padding\"><a href=\"https:\/\/www.noidiqua.it\/Agliana\/museo-della-maglieria-al-maglificio-beby\/\" title=\"Museo della maglieria al Maglificio Beby\"><img loading=\"lazy\" decoding=\"async\" src=\"https:\/\/www.noidiqua.it\/Agliana\/wp-content\/uploads\/2024\/10\/Beby-2-160x120_c.png\" width=\"160\" height=\"120\" alt=\"Museo della maglieria al Maglificio Beby\" \/><\/a><\/div><\/div><\/div>\t\t\t\t    <a class=\"teaser-title\" title=\"Museo della maglieria al Maglificio Beby\" href=\"https:\/\/www.noidiqua.it\/Agliana\/museo-della-maglieria-al-maglificio-beby\/\">Museo della maglieria al Maglificio Beby<\/a>\n\t\t\t\t    <div class=\"teaser-content\">di Piera Salvi settembre 2024 Al Maglificio Beby circa un secolo di storia \u00e8 cristallizzata nel \u201cPiccolo museo della maglieria Aldo e Marcella Cangioli\u201d. I titolari, Fausto Reali Vannucci e la moglie Stefania Nerozzi, hanno cos\u00ec realizzato un sogno coltivato per anni. Fausto e Stefania stanno portando [&hellip;]...<\/div>\n                                            <a title=\"Museo della maglieria al Maglificio Beby\" href=\"https:\/\/www.noidiqua.it\/Agliana\/museo-della-maglieria-al-maglificio-beby\/\" class=\"read-more-align-right\"><span>Leggi tutto<\/span> &rarr;<\/a>\n\t\t\t\t    <div class=\"clear\"><\/div>\n\t\t\t\t<\/li>\n\t\t\t\t<li>\n<div class=\"small-custom-frame-wrapper alignleft frame-shadow\"><div class=\"custom-frame-inner-wrapper\"><div class=\"custom-frame-padding\"><a href=\"https:\/\/www.noidiqua.it\/Agliana\/artemisia-officinae-darte-aps\/\" title=\"Artemisia Officinae d\u2019arte APS\"><img loading=\"lazy\" decoding=\"async\" src=\"https:\/\/www.noidiqua.it\/Agliana\/wp-content\/uploads\/2024\/07\/artemisia-2-160x120_c.png\" width=\"160\" height=\"120\" alt=\"Artemisia Officinae d\u2019arte APS\" \/><\/a><\/div><\/div><\/div>\t\t\t\t    <a class=\"teaser-title\" title=\"Artemisia Officinae d\u2019arte APS\" href=\"https:\/\/www.noidiqua.it\/Agliana\/artemisia-officinae-darte-aps\/\">Artemisia Officinae d\u2019arte APS<\/a>\n\t\t\t\t    <div class=\"teaser-content\">di Piera Salvi giugno 2024 Stand al parco di Carabattole nel mese di giugno, dell\u2019associazione \u201cArtemisia Officinae d\u2019arte\u201d con laboratorio all\u2019aperto e dimostrazione dei lavori dei corsisti, che ha suscitato molto interesse tra i frequentatori del \u201cCarabattole love park\u201d. \u201cArtemisia Officinae d\u2019arte\u201d dall\u2019inverno scorso, nella nuova Casa [&hellip;]...<\/div>\n                                            <a title=\"Artemisia Officinae d\u2019arte APS\" href=\"https:\/\/www.noidiqua.it\/Agliana\/artemisia-officinae-darte-aps\/\" class=\"read-more-align-right\"><span>Leggi tutto<\/span> &rarr;<\/a>\n\t\t\t\t    <div class=\"clear\"><\/div>\n\t\t\t\t<\/li>\n\t\t\t<\/ul>\n\t\t    <\/div><!-- end widget_recent_posts -->\n<\/div>\n<a class=\"flat-custom-button align-btn-left\" href=\"https:\/\/www.noidiqua.it\/Agliana\/category\/ag\/arte-artigianato-qt\/\" title=\"Mostra tutti gli articoli di questa sezione\"><span style=\"padding:10px 20px; background-color:#ed162d; border:1px solid #ed162d; color:#FFFFFF; font-size:14px;\">Mostra tutti gli articoli precedenti<\/span><\/a>","protected":false},"excerpt":{"rendered":"","protected":false},"author":2,"featured_media":0,"parent":12,"menu_order":0,"comment_status":"open","ping_status":"open","template":"","meta":{"footnotes":""},"class_list":["post-422","page","type-page","status-publish","hentry"],"yoast_head":"<!-- This site is optimized with the Yoast SEO plugin v25.5 - https:\/\/yoast.com\/wordpress\/plugins\/seo\/ -->\n<title>Arte e Artigianato - Noi di Qua Testata giornalistica e di attualit\u00e0 di Agliana, Montale e Quarrata.<\/title>\n<meta name=\"robots\" content=\"index, follow, max-snippet:-1, max-image-preview:large, max-video-preview:-1\" \/>\n<link rel=\"canonical\" href=\"https:\/\/www.noidiqua.it\/Agliana\/agliana-2\/arte-artigianato\/\" \/>\n<meta property=\"og:locale\" content=\"it_IT\" \/>\n<meta property=\"og:type\" content=\"article\" \/>\n<meta property=\"og:title\" content=\"Arte e Artigianato - Noi di Qua Testata giornalistica e di attualit\u00e0 di Agliana, Montale e Quarrata.\" \/>\n<meta property=\"og:url\" content=\"https:\/\/www.noidiqua.it\/Agliana\/agliana-2\/arte-artigianato\/\" \/>\n<meta property=\"og:site_name\" content=\"Noi di Qua Testata giornalistica e di attualit\u00e0 di Agliana, Montale e Quarrata.\" \/>\n<meta property=\"article:publisher\" content=\"https:\/\/www.facebook.com\/noidiqua.trimestrale\/\" \/>\n<meta property=\"article:modified_time\" content=\"2017-04-05T08:39:41+00:00\" \/>\n<script type=\"application\/ld+json\" class=\"yoast-schema-graph\">{\"@context\":\"https:\/\/schema.org\",\"@graph\":[{\"@type\":\"WebPage\",\"@id\":\"https:\/\/www.noidiqua.it\/Agliana\/agliana-2\/arte-artigianato\/\",\"url\":\"https:\/\/www.noidiqua.it\/Agliana\/agliana-2\/arte-artigianato\/\",\"name\":\"Arte e Artigianato - Noi di Qua Testata giornalistica e di attualit\u00e0 di Agliana, Montale e Quarrata.\",\"isPartOf\":{\"@id\":\"https:\/\/www.noidiqua.it\/Agliana\/#website\"},\"datePublished\":\"2011-07-12T17:46:20+00:00\",\"dateModified\":\"2017-04-05T08:39:41+00:00\",\"breadcrumb\":{\"@id\":\"https:\/\/www.noidiqua.it\/Agliana\/agliana-2\/arte-artigianato\/#breadcrumb\"},\"inLanguage\":\"it-IT\",\"potentialAction\":[{\"@type\":\"ReadAction\",\"target\":[\"https:\/\/www.noidiqua.it\/Agliana\/agliana-2\/arte-artigianato\/\"]}]},{\"@type\":\"BreadcrumbList\",\"@id\":\"https:\/\/www.noidiqua.it\/Agliana\/agliana-2\/arte-artigianato\/#breadcrumb\",\"itemListElement\":[{\"@type\":\"ListItem\",\"position\":1,\"name\":\"Home\",\"item\":\"https:\/\/www.noidiqua.it\/Agliana\/\"},{\"@type\":\"ListItem\",\"position\":2,\"name\":\"Agliana\",\"item\":\"https:\/\/www.noidiqua.it\/Agliana\/agliana-2\/\"},{\"@type\":\"ListItem\",\"position\":3,\"name\":\"Arte e Artigianato\"}]},{\"@type\":\"WebSite\",\"@id\":\"https:\/\/www.noidiqua.it\/Agliana\/#website\",\"url\":\"https:\/\/www.noidiqua.it\/Agliana\/\",\"name\":\"Noi di Qua Testata giornalistica e di attualit\u00e0 di Agliana, Montale e Quarrata.\",\"description\":\"Testata Giornalistica Quarrata Montale Agliana\",\"potentialAction\":[{\"@type\":\"SearchAction\",\"target\":{\"@type\":\"EntryPoint\",\"urlTemplate\":\"https:\/\/www.noidiqua.it\/Agliana\/?s={search_term_string}\"},\"query-input\":{\"@type\":\"PropertyValueSpecification\",\"valueRequired\":true,\"valueName\":\"search_term_string\"}}],\"inLanguage\":\"it-IT\"}]}<\/script>\n<!-- \/ Yoast SEO plugin. -->","yoast_head_json":{"title":"Arte e Artigianato - Noi di Qua Testata giornalistica e di attualit\u00e0 di Agliana, Montale e Quarrata.","robots":{"index":"index","follow":"follow","max-snippet":"max-snippet:-1","max-image-preview":"max-image-preview:large","max-video-preview":"max-video-preview:-1"},"canonical":"https:\/\/www.noidiqua.it\/Agliana\/agliana-2\/arte-artigianato\/","og_locale":"it_IT","og_type":"article","og_title":"Arte e Artigianato - Noi di Qua Testata giornalistica e di attualit\u00e0 di Agliana, Montale e Quarrata.","og_url":"https:\/\/www.noidiqua.it\/Agliana\/agliana-2\/arte-artigianato\/","og_site_name":"Noi di Qua Testata giornalistica e di attualit\u00e0 di Agliana, Montale e Quarrata.","article_publisher":"https:\/\/www.facebook.com\/noidiqua.trimestrale\/","article_modified_time":"2017-04-05T08:39:41+00:00","schema":{"@context":"https:\/\/schema.org","@graph":[{"@type":"WebPage","@id":"https:\/\/www.noidiqua.it\/Agliana\/agliana-2\/arte-artigianato\/","url":"https:\/\/www.noidiqua.it\/Agliana\/agliana-2\/arte-artigianato\/","name":"Arte e Artigianato - Noi di Qua Testata giornalistica e di attualit\u00e0 di Agliana, Montale e Quarrata.","isPartOf":{"@id":"https:\/\/www.noidiqua.it\/Agliana\/#website"},"datePublished":"2011-07-12T17:46:20+00:00","dateModified":"2017-04-05T08:39:41+00:00","breadcrumb":{"@id":"https:\/\/www.noidiqua.it\/Agliana\/agliana-2\/arte-artigianato\/#breadcrumb"},"inLanguage":"it-IT","potentialAction":[{"@type":"ReadAction","target":["https:\/\/www.noidiqua.it\/Agliana\/agliana-2\/arte-artigianato\/"]}]},{"@type":"BreadcrumbList","@id":"https:\/\/www.noidiqua.it\/Agliana\/agliana-2\/arte-artigianato\/#breadcrumb","itemListElement":[{"@type":"ListItem","position":1,"name":"Home","item":"https:\/\/www.noidiqua.it\/Agliana\/"},{"@type":"ListItem","position":2,"name":"Agliana","item":"https:\/\/www.noidiqua.it\/Agliana\/agliana-2\/"},{"@type":"ListItem","position":3,"name":"Arte e Artigianato"}]},{"@type":"WebSite","@id":"https:\/\/www.noidiqua.it\/Agliana\/#website","url":"https:\/\/www.noidiqua.it\/Agliana\/","name":"Noi di Qua Testata giornalistica e di attualit\u00e0 di Agliana, Montale e Quarrata.","description":"Testata Giornalistica Quarrata Montale Agliana","potentialAction":[{"@type":"SearchAction","target":{"@type":"EntryPoint","urlTemplate":"https:\/\/www.noidiqua.it\/Agliana\/?s={search_term_string}"},"query-input":{"@type":"PropertyValueSpecification","valueRequired":true,"valueName":"search_term_string"}}],"inLanguage":"it-IT"}]}},"_links":{"self":[{"href":"https:\/\/www.noidiqua.it\/Agliana\/wp-json\/wp\/v2\/pages\/422","targetHints":{"allow":["GET"]}}],"collection":[{"href":"https:\/\/www.noidiqua.it\/Agliana\/wp-json\/wp\/v2\/pages"}],"about":[{"href":"https:\/\/www.noidiqua.it\/Agliana\/wp-json\/wp\/v2\/types\/page"}],"author":[{"embeddable":true,"href":"https:\/\/www.noidiqua.it\/Agliana\/wp-json\/wp\/v2\/users\/2"}],"replies":[{"embeddable":true,"href":"https:\/\/www.noidiqua.it\/Agliana\/wp-json\/wp\/v2\/comments?post=422"}],"version-history":[{"count":2,"href":"https:\/\/www.noidiqua.it\/Agliana\/wp-json\/wp\/v2\/pages\/422\/revisions"}],"predecessor-version":[{"id":4717,"href":"https:\/\/www.noidiqua.it\/Agliana\/wp-json\/wp\/v2\/pages\/422\/revisions\/4717"}],"up":[{"embeddable":true,"href":"https:\/\/www.noidiqua.it\/Agliana\/wp-json\/wp\/v2\/pages\/12"}],"wp:attachment":[{"href":"https:\/\/www.noidiqua.it\/Agliana\/wp-json\/wp\/v2\/media?parent=422"}],"curies":[{"name":"wp","href":"https:\/\/api.w.org\/{rel}","templated":true}]}}