{"id":115,"date":"2011-07-08T19:15:25","date_gmt":"2011-07-08T19:15:25","guid":{"rendered":"http:\/\/192.168.1.2\/Utility-Liberty\/CMS\/noidiqua\/?page_id=115"},"modified":"2022-04-11T12:34:53","modified_gmt":"2022-04-11T10:34:53","slug":"i-brevi-di-ndq","status":"publish","type":"page","link":"https:\/\/www.noidiqua.it\/Montale\/montale-2\/i-brevi-di-ndq\/","title":{"rendered":"I brevi di &#8220;NdQ&#8221;"},"content":{"rendered":"<div class=\"widget widget_latest_posts\"><h3 class=\"widgettitle\">I brevi di &#039;NdQ&#039;<\/h3>\t\t    <div class=\"latest_posts\">\n\t\t\t<ul class=\"small-thumb\">\n\t\t\t\t<li>\n<div class=\"small-custom-frame-wrapper alignleft frame-shadow\"><div class=\"custom-frame-inner-wrapper\"><div class=\"custom-frame-padding\"><a href=\"https:\/\/www.noidiqua.it\/Montale\/i-brevi-di-noidiqua-45\/\" title=\"I brevi di Noidiqua\"><img loading=\"lazy\" decoding=\"async\" src=\"https:\/\/www.noidiqua.it\/Montale\/wp-content\/uploads\/2021\/04\/brevi-160x120_c.png\" width=\"160\" height=\"120\" alt=\"I brevi di Noidiqua\" \/><\/a><\/div><\/div><\/div>\t\t\t\t    <a class=\"teaser-title\" title=\"I brevi di Noidiqua\" href=\"https:\/\/www.noidiqua.it\/Montale\/i-brevi-di-noidiqua-45\/\">I brevi di Noidiqua<\/a>\n\t\t\t\t    <div class=\"teaser-content\">di Giacomo Bini marzo 2026 Verr\u00e0 installata una serra nell\u2019orto didattico della scuola elementare Nerucci nel centro del paese.\u00a0 La serra consentir\u00e0 agli alunni della scuola di svolgere attivit\u00e0 nell\u2019orto anche durante la stagione invernale e favorir\u00e0 anche la crescita degli ortaggi coltivati. L\u2019acquisizione della serra, gi\u00e0 disposta dall\u2019Amministrazione Comunale, rientra in un pi\u00f9...<\/div>\n                                            <a title=\"I brevi di Noidiqua\" href=\"https:\/\/www.noidiqua.it\/Montale\/i-brevi-di-noidiqua-45\/\" class=\"read-more-align-right\"><span>Leggi tutto<\/span> &rarr;<\/a>\n\t\t\t\t    <div class=\"clear\"><\/div>\n\t\t\t\t<\/li>\n\t\t\t\t<li>\n<div class=\"small-custom-frame-wrapper alignleft frame-shadow\"><div class=\"custom-frame-inner-wrapper\"><div class=\"custom-frame-padding\"><a href=\"https:\/\/www.noidiqua.it\/Montale\/i-brevi-di-noidiqua-44\/\" title=\"I brevi di Noidiqua\"><img loading=\"lazy\" decoding=\"async\" src=\"https:\/\/www.noidiqua.it\/Montale\/wp-content\/uploads\/2021\/04\/brevi-160x120_c.png\" width=\"160\" height=\"120\" alt=\"I brevi di Noidiqua\" \/><\/a><\/div><\/div><\/div>\t\t\t\t    <a class=\"teaser-title\" title=\"I brevi di Noidiqua\" href=\"https:\/\/www.noidiqua.it\/Montale\/i-brevi-di-noidiqua-44\/\">I brevi di Noidiqua<\/a>\n\t\t\t\t    <div class=\"teaser-content\">di redazione dicembre 2025 L\u2019architetto Mauro Andreini \u00e8 stato invitato alla Biennale di Architettura 2025 di Venezia, dove sabato 15 novembre ha partecipato ad un dialogo a pi\u00f9 voci nel Padiglione Italia sul tema \u201cMargini, il disegno di architettura nella transizione digitale\u201d, che \u00e8 dedicato alla esperienza italiana nei territori di margine tra terra...<\/div>\n                                            <a title=\"I brevi di Noidiqua\" href=\"https:\/\/www.noidiqua.it\/Montale\/i-brevi-di-noidiqua-44\/\" class=\"read-more-align-right\"><span>Leggi tutto<\/span> &rarr;<\/a>\n\t\t\t\t    <div class=\"clear\"><\/div>\n\t\t\t\t<\/li>\n\t\t\t\t<li>\n<div class=\"small-custom-frame-wrapper alignleft frame-shadow\"><div class=\"custom-frame-inner-wrapper\"><div class=\"custom-frame-padding\"><a href=\"https:\/\/www.noidiqua.it\/Montale\/i-brevi-di-noidiqua-43\/\" title=\"I brevi di Noidiqua\"><img loading=\"lazy\" decoding=\"async\" src=\"https:\/\/www.noidiqua.it\/Montale\/wp-content\/uploads\/2021\/05\/brevi-160x120_c.png\" width=\"160\" height=\"120\" alt=\"I brevi di Noidiqua\" \/><\/a><\/div><\/div><\/div>\t\t\t\t    <a class=\"teaser-title\" title=\"I brevi di Noidiqua\" href=\"https:\/\/www.noidiqua.it\/Montale\/i-brevi-di-noidiqua-43\/\">I brevi di Noidiqua<\/a>\n\t\t\t\t    <div class=\"teaser-content\">di Giacomo Bini settembre 2025 \u201cFai volare il tuo talento\u201d \u00e8 un progetto di educazione civica per le scuole ispirato alla esperienza di vita di Giacomo Di Napoli, il campione di aliante acrobatico tragicamente deceduto in un incidente durante un allenamento nell\u2019estate del 2022. Il progetto \u201ceducativo e motivazionale\u201d \u00e8 promosso dall\u2019\u201cAssociazione Giak Nuotatore...<\/div>\n                                            <a title=\"I brevi di Noidiqua\" href=\"https:\/\/www.noidiqua.it\/Montale\/i-brevi-di-noidiqua-43\/\" class=\"read-more-align-right\"><span>Leggi tutto<\/span> &rarr;<\/a>\n\t\t\t\t    <div class=\"clear\"><\/div>\n\t\t\t\t<\/li>\n\t\t\t\t<li>\n<div class=\"small-custom-frame-wrapper alignleft frame-shadow\"><div class=\"custom-frame-inner-wrapper\"><div class=\"custom-frame-padding\"><a href=\"https:\/\/www.noidiqua.it\/Montale\/i-brevi-di-noidiqua-42\/\" title=\"I brevi di Noidiqua\"><img loading=\"lazy\" decoding=\"async\" src=\"https:\/\/www.noidiqua.it\/Montale\/wp-content\/uploads\/2021\/05\/brevi-160x120_c.png\" width=\"160\" height=\"120\" alt=\"I brevi di Noidiqua\" \/><\/a><\/div><\/div><\/div>\t\t\t\t    <a class=\"teaser-title\" title=\"I brevi di Noidiqua\" href=\"https:\/\/www.noidiqua.it\/Montale\/i-brevi-di-noidiqua-42\/\">I brevi di Noidiqua<\/a>\n\t\t\t\t    <div class=\"teaser-content\">di Giacomo Bini giugno 2025 Andrea Caffarelli, giovane calciatore di 17 anni, ha vinto con la sua squadra, la Sestese, il campionato italiano Juniores Under 19 ,ed \u00e8 stato anche premiato come miglior centrocampista della fase finale. Andrea ha iniziato a giocare a calcio nella ex Polisportiva &#8217;90, poi ha vestito anche le maglie...<\/div>\n                                            <a title=\"I brevi di Noidiqua\" href=\"https:\/\/www.noidiqua.it\/Montale\/i-brevi-di-noidiqua-42\/\" class=\"read-more-align-right\"><span>Leggi tutto<\/span> &rarr;<\/a>\n\t\t\t\t    <div class=\"clear\"><\/div>\n\t\t\t\t<\/li>\n\t\t\t\t<li>\n<div class=\"small-custom-frame-wrapper alignleft frame-shadow\"><div class=\"custom-frame-inner-wrapper\"><div class=\"custom-frame-padding\"><a href=\"https:\/\/www.noidiqua.it\/Montale\/i-brevi-di-noidiqua-41\/\" title=\"I brevi di Noidiqua\"><img loading=\"lazy\" decoding=\"async\" src=\"https:\/\/www.noidiqua.it\/Montale\/wp-content\/uploads\/2021\/05\/brevi-160x120_c.png\" width=\"160\" height=\"120\" alt=\"I brevi di Noidiqua\" \/><\/a><\/div><\/div><\/div>\t\t\t\t    <a class=\"teaser-title\" title=\"I brevi di Noidiqua\" href=\"https:\/\/www.noidiqua.it\/Montale\/i-brevi-di-noidiqua-41\/\">I brevi di Noidiqua<\/a>\n\t\t\t\t    <div class=\"teaser-content\">di Banca Alta Toscana marzo 2025 Il Gruppo Intercomunale Aido Piana Pistoiese, ha la sua nuova sede in una stanza del Centro Nerucci, messa a disposizione dall\u2019Amministrazione Comunale di Montale. Il consiglio direttivo dell\u2019Aido Intercomunale Piana Pistoiese ha come presidente Marco Campominosi, come vicepresidente Rossella Meoni, come amministratrice Fabiola Ulivi e come segretaria Valentina...<\/div>\n                                            <a title=\"I brevi di Noidiqua\" href=\"https:\/\/www.noidiqua.it\/Montale\/i-brevi-di-noidiqua-41\/\" class=\"read-more-align-right\"><span>Leggi tutto<\/span> &rarr;<\/a>\n\t\t\t\t    <div class=\"clear\"><\/div>\n\t\t\t\t<\/li>\n\t\t\t\t<li>\n<div class=\"small-custom-frame-wrapper alignleft frame-shadow\"><div class=\"custom-frame-inner-wrapper\"><div class=\"custom-frame-padding\"><a href=\"https:\/\/www.noidiqua.it\/Montale\/i-brevi-di-noidiqua-40\/\" title=\"I brevi di Noidiqua\"><img loading=\"lazy\" decoding=\"async\" src=\"https:\/\/www.noidiqua.it\/Montale\/wp-content\/uploads\/2021\/04\/brevi-160x120_c.png\" width=\"160\" height=\"120\" alt=\"I brevi di Noidiqua\" \/><\/a><\/div><\/div><\/div>\t\t\t\t    <a class=\"teaser-title\" title=\"I brevi di Noidiqua\" href=\"https:\/\/www.noidiqua.it\/Montale\/i-brevi-di-noidiqua-40\/\">I brevi di Noidiqua<\/a>\n\t\t\t\t    <div class=\"teaser-content\">di Redazione dicembre 2024 Lorenzo Catillo, classe 2008 di Montale, \u00e8 stato tra i calciatori premiati con un borsa di studio nella sesta edizione del Progetto Calcio-Studio che \u00e8 finalizzato a dare un riconoscimento ai ragazzi che si distinguono sia per le capacit\u00e0 sportive sia per l\u2019impegno nello studio. Le borse di studio sono...<\/div>\n                                            <a title=\"I brevi di Noidiqua\" href=\"https:\/\/www.noidiqua.it\/Montale\/i-brevi-di-noidiqua-40\/\" class=\"read-more-align-right\"><span>Leggi tutto<\/span> &rarr;<\/a>\n\t\t\t\t    <div class=\"clear\"><\/div>\n\t\t\t\t<\/li>\n\t\t\t\t<li>\n<div class=\"small-custom-frame-wrapper alignleft frame-shadow\"><div class=\"custom-frame-inner-wrapper\"><div class=\"custom-frame-padding\"><a href=\"https:\/\/www.noidiqua.it\/Montale\/i-brevi-di-noidiqua-39\/\" title=\"I brevi di Noidiqua\"><img loading=\"lazy\" decoding=\"async\" src=\"https:\/\/www.noidiqua.it\/Montale\/wp-content\/uploads\/2021\/04\/brevi-160x120_c.png\" width=\"160\" height=\"120\" alt=\"I brevi di Noidiqua\" \/><\/a><\/div><\/div><\/div>\t\t\t\t    <a class=\"teaser-title\" title=\"I brevi di Noidiqua\" href=\"https:\/\/www.noidiqua.it\/Montale\/i-brevi-di-noidiqua-39\/\">I brevi di Noidiqua<\/a>\n\t\t\t\t    <div class=\"teaser-content\">di Giacomo Bini settembre 2024 L\u201911 maggio scorso \u00e8 morto, all\u2019et\u00e0 di 80 anni, il professor Roberto Fondi, paleontologo docente all\u2019Universit\u00e0 di Siena per trent\u2019anni, autore di libri importanti e controcorrente, tanto che si pu\u00f2 dire che sia stato in italia, e forse in Europa, l\u2019unico paleontologo professionista che abbia osato dichiararsi apertamente anti-evoluzionista.\u00a0...<\/div>\n                                            <a title=\"I brevi di Noidiqua\" href=\"https:\/\/www.noidiqua.it\/Montale\/i-brevi-di-noidiqua-39\/\" class=\"read-more-align-right\"><span>Leggi tutto<\/span> &rarr;<\/a>\n\t\t\t\t    <div class=\"clear\"><\/div>\n\t\t\t\t<\/li>\n\t\t\t\t<li>\n<div class=\"small-custom-frame-wrapper alignleft frame-shadow\"><div class=\"custom-frame-inner-wrapper\"><div class=\"custom-frame-padding\"><a href=\"https:\/\/www.noidiqua.it\/Montale\/i-brevi-di-noidiqua-38\/\" title=\"I brevi di Noidiqua\"><img loading=\"lazy\" decoding=\"async\" src=\"https:\/\/www.noidiqua.it\/Montale\/wp-content\/uploads\/2021\/04\/brevi-160x120_c.png\" width=\"160\" height=\"120\" alt=\"I brevi di Noidiqua\" \/><\/a><\/div><\/div><\/div>\t\t\t\t    <a class=\"teaser-title\" title=\"I brevi di Noidiqua\" href=\"https:\/\/www.noidiqua.it\/Montale\/i-brevi-di-noidiqua-38\/\">I brevi di Noidiqua<\/a>\n\t\t\t\t    <div class=\"teaser-content\">di Giacomo Bini giugno 2024 Grande commozione alla villa Smilea per la presentazione del libro \u201cUna Margherita del 1930\u201d. Nel volume sono raccolte le memorie di Margherita Papi, che aveva raccontato la storia della sua giovinezza prima di essere travolta dall\u2019oblio della malattia di Alzheimer.\u00a0 Il volume \u00e8 stato curato dalla figlia Laura Gelli...<\/div>\n                                            <a title=\"I brevi di Noidiqua\" href=\"https:\/\/www.noidiqua.it\/Montale\/i-brevi-di-noidiqua-38\/\" class=\"read-more-align-right\"><span>Leggi tutto<\/span> &rarr;<\/a>\n\t\t\t\t    <div class=\"clear\"><\/div>\n\t\t\t\t<\/li>\n\t\t\t\t<li>\n<div class=\"small-custom-frame-wrapper alignleft frame-shadow\"><div class=\"custom-frame-inner-wrapper\"><div class=\"custom-frame-padding\"><a href=\"https:\/\/www.noidiqua.it\/Montale\/i-brevi-di-noidiqua-37\/\" title=\"I brevi di Noidiqua\"><img loading=\"lazy\" decoding=\"async\" src=\"https:\/\/www.noidiqua.it\/Montale\/wp-content\/uploads\/2021\/04\/brevi-160x120_c.png\" width=\"160\" height=\"120\" alt=\"I brevi di Noidiqua\" \/><\/a><\/div><\/div><\/div>\t\t\t\t    <a class=\"teaser-title\" title=\"I brevi di Noidiqua\" href=\"https:\/\/www.noidiqua.it\/Montale\/i-brevi-di-noidiqua-37\/\">I brevi di Noidiqua<\/a>\n\t\t\t\t    <div class=\"teaser-content\">di Redazione marzo 2024 Carlo Rossetti: un pezzo da novanta! Questo modo di dire proviene dal gergo militare, il \u201cpezzo\u201d indica un cannone e \u201cnovanta\u201d il calibro della bocca di fuoco. Viene usato comunemente per rappresentare una persona molto importante e noi lo abbiamo preso per comunicare lo spessore dell\u2019amico Carlo Rossetti ed evocarne...<\/div>\n                                            <a title=\"I brevi di Noidiqua\" href=\"https:\/\/www.noidiqua.it\/Montale\/i-brevi-di-noidiqua-37\/\" class=\"read-more-align-right\"><span>Leggi tutto<\/span> &rarr;<\/a>\n\t\t\t\t    <div class=\"clear\"><\/div>\n\t\t\t\t<\/li>\n\t\t\t\t<li>\n<div class=\"small-custom-frame-wrapper alignleft frame-shadow\"><div class=\"custom-frame-inner-wrapper\"><div class=\"custom-frame-padding\"><a href=\"https:\/\/www.noidiqua.it\/Montale\/i-brevi-di-noidiqua-36\/\" title=\"I brevi di Noidiqua\"><img loading=\"lazy\" decoding=\"async\" src=\"https:\/\/www.noidiqua.it\/Montale\/wp-content\/uploads\/2021\/04\/brevi-160x120_c.png\" width=\"160\" height=\"120\" alt=\"I brevi di Noidiqua\" \/><\/a><\/div><\/div><\/div>\t\t\t\t    <a class=\"teaser-title\" title=\"I brevi di Noidiqua\" href=\"https:\/\/www.noidiqua.it\/Montale\/i-brevi-di-noidiqua-36\/\">I brevi di Noidiqua<\/a>\n\t\t\t\t    <div class=\"teaser-content\">di Giacomo Bini dicembre 2023 &nbsp; Anche quest\u2019anno il Lions Club Pistoia Fuorcivitas ha organizzato il Premio \u201cUn Poster per la Pace\u201d rivolto agli studenti della scuola media Giulio Cesare Melani. I vincitori del concorso sono Marco Cimminiello, classificatosi al primo posto, e da Elena Benassai, piazzata al secondo posto. Entrambi sono alunni della...<\/div>\n                                            <a title=\"I brevi di Noidiqua\" href=\"https:\/\/www.noidiqua.it\/Montale\/i-brevi-di-noidiqua-36\/\" class=\"read-more-align-right\"><span>Leggi tutto<\/span> &rarr;<\/a>\n\t\t\t\t    <div class=\"clear\"><\/div>\n\t\t\t\t<\/li>\n\t\t\t<\/ul>\n\t\t    <\/div><!-- end widget_recent_posts -->\n<\/div>\n<a class=\"flat-custom-button align-btn-left\" href=\"https:\/\/www.noidiqua.it\/Montale\/category\/mt\/brevi-ndq-qt\/\" title=\"Mostra tutti gli articoli di questa sezione\"><span style=\"padding:10px 20px; background-color:#ed162d; border:1px solid #ed162d; color:#FFFFFF; font-size:14px;\">Mostra tutti gli articoli precedenti<\/span><\/a>","protected":false},"excerpt":{"rendered":"","protected":false},"author":2,"featured_media":0,"parent":12,"menu_order":0,"comment_status":"open","ping_status":"closed","template":"","meta":{"footnotes":""},"class_list":["post-115","page","type-page","status-publish","hentry"],"yoast_head":"<!-- This site is optimized with the Yoast SEO plugin v25.5 - https:\/\/yoast.com\/wordpress\/plugins\/seo\/ -->\n<title>I brevi di &quot;NdQ&quot; - Noi di Qua Testata giornalistica e di attualit\u00e0 di Agliana, Montale e Quarrata.<\/title>\n<meta name=\"robots\" content=\"index, follow, max-snippet:-1, max-image-preview:large, max-video-preview:-1\" \/>\n<link rel=\"canonical\" href=\"https:\/\/www.noidiqua.it\/Montale\/montale-2\/i-brevi-di-ndq\/\" \/>\n<meta property=\"og:locale\" content=\"it_IT\" \/>\n<meta property=\"og:type\" content=\"article\" \/>\n<meta property=\"og:title\" content=\"I brevi di &quot;NdQ&quot; - Noi di Qua Testata giornalistica e di attualit\u00e0 di Agliana, Montale e Quarrata.\" \/>\n<meta property=\"og:url\" content=\"https:\/\/www.noidiqua.it\/Montale\/montale-2\/i-brevi-di-ndq\/\" \/>\n<meta property=\"og:site_name\" content=\"Noi di Qua Testata giornalistica e di attualit\u00e0 di Agliana, Montale e Quarrata.\" \/>\n<meta property=\"article:publisher\" content=\"https:\/\/www.facebook.com\/noidiqua.trimestrale\/\" \/>\n<meta property=\"article:modified_time\" content=\"2022-04-11T10:34:53+00:00\" \/>\n<meta property=\"og:image\" content=\"https:\/\/www.noidiqua.it\/Montale\/wp-content\/uploads\/2019\/03\/logo-sito.jpg\" \/>\n<script type=\"application\/ld+json\" class=\"yoast-schema-graph\">{\"@context\":\"https:\/\/schema.org\",\"@graph\":[{\"@type\":\"WebPage\",\"@id\":\"https:\/\/www.noidiqua.it\/Montale\/montale-2\/i-brevi-di-ndq\/\",\"url\":\"https:\/\/www.noidiqua.it\/Montale\/montale-2\/i-brevi-di-ndq\/\",\"name\":\"I brevi di \\\"NdQ\\\" - Noi di Qua Testata giornalistica e di attualit\u00e0 di Agliana, Montale e Quarrata.\",\"isPartOf\":{\"@id\":\"https:\/\/www.noidiqua.it\/Montale\/#website\"},\"datePublished\":\"2011-07-08T19:15:25+00:00\",\"dateModified\":\"2022-04-11T10:34:53+00:00\",\"breadcrumb\":{\"@id\":\"https:\/\/www.noidiqua.it\/Montale\/montale-2\/i-brevi-di-ndq\/#breadcrumb\"},\"inLanguage\":\"it-IT\",\"potentialAction\":[{\"@type\":\"ReadAction\",\"target\":[\"https:\/\/www.noidiqua.it\/Montale\/montale-2\/i-brevi-di-ndq\/\"]}]},{\"@type\":\"BreadcrumbList\",\"@id\":\"https:\/\/www.noidiqua.it\/Montale\/montale-2\/i-brevi-di-ndq\/#breadcrumb\",\"itemListElement\":[{\"@type\":\"ListItem\",\"position\":1,\"name\":\"Home\",\"item\":\"https:\/\/www.noidiqua.it\/Montale\/\"},{\"@type\":\"ListItem\",\"position\":2,\"name\":\"Montale\",\"item\":\"https:\/\/www.noidiqua.it\/Montale\/montale-2\/\"},{\"@type\":\"ListItem\",\"position\":3,\"name\":\"I brevi di &#8220;NdQ&#8221;\"}]},{\"@type\":\"WebSite\",\"@id\":\"https:\/\/www.noidiqua.it\/Montale\/#website\",\"url\":\"https:\/\/www.noidiqua.it\/Montale\/\",\"name\":\"Noi di Qua Testata giornalistica e di attualit\u00e0 di Agliana, Montale e Quarrata.\",\"description\":\"Testata Giornalistica Quarrata Montale Agliana\",\"potentialAction\":[{\"@type\":\"SearchAction\",\"target\":{\"@type\":\"EntryPoint\",\"urlTemplate\":\"https:\/\/www.noidiqua.it\/Montale\/?s={search_term_string}\"},\"query-input\":{\"@type\":\"PropertyValueSpecification\",\"valueRequired\":true,\"valueName\":\"search_term_string\"}}],\"inLanguage\":\"it-IT\"}]}<\/script>\n<!-- \/ Yoast SEO plugin. -->","yoast_head_json":{"title":"I brevi di \"NdQ\" - Noi di Qua Testata giornalistica e di attualit\u00e0 di Agliana, Montale e Quarrata.","robots":{"index":"index","follow":"follow","max-snippet":"max-snippet:-1","max-image-preview":"max-image-preview:large","max-video-preview":"max-video-preview:-1"},"canonical":"https:\/\/www.noidiqua.it\/Montale\/montale-2\/i-brevi-di-ndq\/","og_locale":"it_IT","og_type":"article","og_title":"I brevi di \"NdQ\" - Noi di Qua Testata giornalistica e di attualit\u00e0 di Agliana, Montale e Quarrata.","og_url":"https:\/\/www.noidiqua.it\/Montale\/montale-2\/i-brevi-di-ndq\/","og_site_name":"Noi di Qua Testata giornalistica e di attualit\u00e0 di Agliana, Montale e Quarrata.","article_publisher":"https:\/\/www.facebook.com\/noidiqua.trimestrale\/","article_modified_time":"2022-04-11T10:34:53+00:00","og_image":[{"url":"https:\/\/www.noidiqua.it\/Montale\/wp-content\/uploads\/2019\/03\/logo-sito.jpg","type":"","width":"","height":""}],"schema":{"@context":"https:\/\/schema.org","@graph":[{"@type":"WebPage","@id":"https:\/\/www.noidiqua.it\/Montale\/montale-2\/i-brevi-di-ndq\/","url":"https:\/\/www.noidiqua.it\/Montale\/montale-2\/i-brevi-di-ndq\/","name":"I brevi di \"NdQ\" - Noi di Qua Testata giornalistica e di attualit\u00e0 di Agliana, Montale e Quarrata.","isPartOf":{"@id":"https:\/\/www.noidiqua.it\/Montale\/#website"},"datePublished":"2011-07-08T19:15:25+00:00","dateModified":"2022-04-11T10:34:53+00:00","breadcrumb":{"@id":"https:\/\/www.noidiqua.it\/Montale\/montale-2\/i-brevi-di-ndq\/#breadcrumb"},"inLanguage":"it-IT","potentialAction":[{"@type":"ReadAction","target":["https:\/\/www.noidiqua.it\/Montale\/montale-2\/i-brevi-di-ndq\/"]}]},{"@type":"BreadcrumbList","@id":"https:\/\/www.noidiqua.it\/Montale\/montale-2\/i-brevi-di-ndq\/#breadcrumb","itemListElement":[{"@type":"ListItem","position":1,"name":"Home","item":"https:\/\/www.noidiqua.it\/Montale\/"},{"@type":"ListItem","position":2,"name":"Montale","item":"https:\/\/www.noidiqua.it\/Montale\/montale-2\/"},{"@type":"ListItem","position":3,"name":"I brevi di &#8220;NdQ&#8221;"}]},{"@type":"WebSite","@id":"https:\/\/www.noidiqua.it\/Montale\/#website","url":"https:\/\/www.noidiqua.it\/Montale\/","name":"Noi di Qua Testata giornalistica e di attualit\u00e0 di Agliana, Montale e Quarrata.","description":"Testata Giornalistica Quarrata Montale Agliana","potentialAction":[{"@type":"SearchAction","target":{"@type":"EntryPoint","urlTemplate":"https:\/\/www.noidiqua.it\/Montale\/?s={search_term_string}"},"query-input":{"@type":"PropertyValueSpecification","valueRequired":true,"valueName":"search_term_string"}}],"inLanguage":"it-IT"}]}},"_links":{"self":[{"href":"https:\/\/www.noidiqua.it\/Montale\/wp-json\/wp\/v2\/pages\/115","targetHints":{"allow":["GET"]}}],"collection":[{"href":"https:\/\/www.noidiqua.it\/Montale\/wp-json\/wp\/v2\/pages"}],"about":[{"href":"https:\/\/www.noidiqua.it\/Montale\/wp-json\/wp\/v2\/types\/page"}],"author":[{"embeddable":true,"href":"https:\/\/www.noidiqua.it\/Montale\/wp-json\/wp\/v2\/users\/2"}],"replies":[{"embeddable":true,"href":"https:\/\/www.noidiqua.it\/Montale\/wp-json\/wp\/v2\/comments?post=115"}],"version-history":[{"count":1,"href":"https:\/\/www.noidiqua.it\/Montale\/wp-json\/wp\/v2\/pages\/115\/revisions"}],"predecessor-version":[{"id":6770,"href":"https:\/\/www.noidiqua.it\/Montale\/wp-json\/wp\/v2\/pages\/115\/revisions\/6770"}],"up":[{"embeddable":true,"href":"https:\/\/www.noidiqua.it\/Montale\/wp-json\/wp\/v2\/pages\/12"}],"wp:attachment":[{"href":"https:\/\/www.noidiqua.it\/Montale\/wp-json\/wp\/v2\/media?parent=115"}],"curies":[{"name":"wp","href":"https:\/\/api.w.org\/{rel}","templated":true}]}}